en 13696 is divided by 20?
16
What is the remainder when 134 is divided by 20?
14
Calculate the remainder when 2453 is divided by 41.
34
What is the remainder when 142 is divided by 68?
6
Calculate the remainder when 4743 is divided by 21.
18
Calculate the remainder when 115 is divided by 39.
37
What is the remainder when 68 is divided by 29?
10
Calculate the remainder when 26526 is divided by 111.
108
Calculate the remainder when 114 is divided by 31.
21
Calculate the remainder when 52 is divided by 15.
7
What is the remainder when 5743 is divided by 34?
31
Calculate the remainder when 1793 is divided by 75.
68
What is the remainder when 4544 is divided by 15?
14
What is the remainder when 536 is divided by 20?
16
Calculate the remainder when 2032 is divided by 19.
18
What is the remainder when 850 is divided by 97?
74
Calculate the remainder when 1433 is divided by 120.
113
Calculate the remainder when 11429 is divided by 103.
99
Calculate the remainder when 194 is divided by 102.
92
Calculate the remainder when 1049 is divided by 42.
41
Calculate the remainder when 60 is divided by 18.
6
Calculate the remainder when 656 is divided by 48.
32
What is the remainder when 116 is divided by 30?
26
Calculate the remainder when 914 is divided by 903.
11
What is the remainder when 235 is divided by 60?
55
What is the remainder when 719 is divided by 22?
15
Calculate the remainder when 603 is divided by 297.
9
Calculate the remainder when 187 is divided by 176.
11
What is the remainder when 1516 is divided by 22?
20
What is the remainder when 920 is divided by 49?
38
Calculate the remainder when 2547 is divided by 40.
27
What is the remainder when 371 is divided by 38?
29
Calculate the remainder when 605 is divided by 92.
53
What is the remainder when 74 is divided by 59?
15
What is the remainder when 3227 is divided by 797?
39
What is the remainder when 380 is divided by 127?
126
What is the remainder when 211 is divided by 18?
13
What is the remainder when 353 is divided by 16?
1
What is the remainder when 44 is divided by 5?
4
Calculate the remainder when 107 is divided by 3.
2
What is the remainder when 242 is divided by 13?
8
Calculate the remainder when 3103 is divided by 8.
7
Calculate the remainder when 486 is divided by 49.
45
Calculate the remainder when 4841 is divided by 95.
91
Calculate the remainder when 82 is divided by 24.
10
What is the remainder when 520 is divided by 22?
14
What is the remainder when 1528 is divided by 148?
48
What is the remainder when 60 is divided by 14?
4
Calculate the remainder when 372 is divided by 17.
15
What is the remainder when 287 is divided by 23?
11
What is the remainder when 209 is divided by 20?
9
Calculate the remainder when 32 is divided by 2.
0
What is the remainder when 501 is divided by 115?
41
What is the remainder when 331 is divided by 324?
7
What is the remainder when 61 is divided by 45?
16
What is the remainder when 138 is divided by 36?
30
What is the remainder when 97 is divided by 49?
48
Calculate the remainder when 81 is divided by 12.
9
What is the remainder when 1137 is divided by 57?
54
What is the remainder when 199 is divided by 12?
7
What is the remainder when 165 is divided by 42?
39
What is the remainder when 160 is divided by 20?
0
Calculate the remainder when 2536 is divided by 33.
28
Calculate the remainder when 1161 is divided by 368.
57
Calculate the remainder when 337 is divided by 70.
57
Calculate the remainder when 13 is divided by 10.
3
What is the remainder when 3086 is divided by 147?
146
Calculate the remainder when 293 is divided by 37.
34
What is the remainder when 1822 is divided by 68?
54
Calculate the remainder when 1604 is divided by 67.
63
What is the remainder when 1442 is divided by 683?
76
Calculate the remainder when 52 is divided by 41.
11
Calculate the remainder when 208 is divided by 30.
28
What is the remainder when 23 is divided by 13?
10
What is the remainder when 1505 is divided by 11?
9
What is the remainder when 548 is divided by 188?
172
What is the remainder when 1470 is divided by 24?
6
Calculate the remainder when 320 is divided by 239.
81
Calculate the remainder when 399 is divided by 226.
173
Calculate the remainder when 1278 is divided by 418.
24
Calculate the remainder when 4619 is divided by 21.
20
Calculate the remainder when 33 is divided by 25.
8
Calculate the remainder when 126 is divided by 117.
9
What is the remainder when 8904 is divided by 122?
120
What is the remainder when 190 is divided by 44?
14
Calculate the remainder when 271 is divided by 138.
133
Calculate the remainder when 298 is divided by 111.
76
Calculate the remainder when 932 is divided by 177.
47
What is the remainder when 203 is divided by 50?
3
What is the remainder when 569 is divided by 26?
23
Calculate the remainder when 222 is divided by 204.
18
Calculate the remainder when 2975 is divided by 24.
23
What is the remainder when 484 is divided by 164?
156
What is the remainder when 2680 is divided by 84?
76
Calculate the remainder when 777 is divided by 60.
57
What is the remainder when 376 is divided by 31?
4
What is the remainder when 337 is divided by 57?
52
What is the remainder when 1004 is divided by 15?
14
Calculate the remainder when 1656 is divided by 19.
3
Calculate the remainder when 397 is divided by 16.
13
What is the remainder when 128 is divided by 22?
18
What is the remainder when 100 is divided by 77?
23
What is the remainder when 146 is divided by 48?
2
What is the remainder when 16223 is divided by 52?
51
Calculate the remainder when 918 is divided by 138.
90
What is the remainder when 152 is divided by 65?
22
What is the remainder when 1824 is divided by 25?
24
What is the remainder when 173 is divided by 28?
5
Calculate the remainder when 64 is divided by 26.
12
Calculate the remainder when 228 is divided by 46.
44
Calculate the remainder when 99 is divided by 33.
0
Calculate the remainder when 147 is divided by 39.
30
Calculate the remainder when 1889 is divided by 9.
8
What is the remainder when 3149 is divided by 783?
17
What is the remainder when 85 is divided by 1?
0
Calculate the remainder when 20304 is divided by 131.
130
What is the remainder when 183 is divided by 26?
1
Calculate the remainder when 73 is divided by 3.
1
Calculate the remainder when 1047 is divided by 105.
102
What is the remainder when 383 is divided by 212?
171
Calculate the remainder when 4627 is divided by 771.
1
Calculate the remainder when 828 is divided by 69.
0
What is the remainder when 333 is divided by 14?
11
Calculate the remainder when 914 is divided by 81.
23
What is the remainder when 2148 is divided by 13?
3
Calculate the remainder when 1839 is divided by 184.
183
What is the remainder when 234 is divided by 82?
70
What is the remainder when 322 is divided by 3?
1
What is the remainder when 227 is divided by 23?
20
Calculate the remainder when 47 is divided by 16.
15
What is the remainder when 558 is divided by 13?
12
Calculate the remainder when 288 is divided by 100.
88
What is the remainder when 625 is divided by 45?
40
What is the remainder when 97 is divided by 10?
7
What is the remainder when 279 is divided by 257?
22
What is the remainder when 238 is divided by 16?
14
What is the remainder when 787 is divided by 166?
123
Calculate the remainder when 434 is divided by 29.
28
Calculate the remainder when 2948 is divided by 24.
20
What is the remainder when 421 is divided by 155?
111
Calculate the remainder when 433 is divided by 419.
14
Calculate the remainder when 31983 is divided by 16.
15
What is the remainder when 1575 is divided by 313?
10
Calculate the remainder when 141 is divided by 68.
5
What is the remainder when 9048 is divided by 19?
4
What is the remainder when 396 is divided by 8?
4
Calculate the remainder when 9535 is divided by 17.
15
What is the remainder when 132 is divided by 56?
20
What is the remainder when 115 is divided by 44?
27
Calculate the remainder when 45 is divided by 2.
1
Calculate the remainder when 178 is divided by 22.
2
What is the remainder when 1825 is divided by 39?
31
What is the remainder when 643 is divided by 92?
91
Calculate the remainder when 3723 is divided by 46.
43
What is the remainder when 1